-5)*(3 + -6). Is b(a) prime?
False
Let l(n) = 5*n - 3 + 11 + 0. Let q(s) = s**2 - 6*s + 6. Let g be q(6). Is l(g) a prime number?
False
Suppose 5*f - 286 = -2*c + 2*f, -2*c - 2*f + 288 = 0. Is c prime?
False
Is -2*((-638)/4)/1 composite?
True
Suppose -l = -3*l. Let f = 0 + l. Let q = 19 - f. Is q prime?
True
Suppose 7*p = 6*p + 85. Is p a composite number?
True
Let h be 4/(-10) - 36/(-15). Suppose -175 - 12 = -h*r + 5*s, r - 4*s - 89 = 0. Suppose 3*z - n - r = 0, -2*z + 5*n + 12 + 51 = 0. Is z composite?
True
Suppose -3*s + 123 = -3*x, -2*x + 4*x = s - 46. Suppose 344 - s = 4*n. Is n a composite number?
True
Let j(m) = 45*m - 19. Is j(24) prime?
True
Let m(v) = 20*v**2 - v - 6. Is m(-5) a composite number?
False
Is (4/(-24))/((-1)/3)*6218 a prime number?
True
Let v(q) = -4 - 4*q + 0*q + 0*q + 3*q**2. Suppose -m - 4*s = 7, 2 = -m + 2*s + 1. Is v(m) composite?
True
Let m(t) = t + 1. Let x(v) = 5*v + 3. Let h(d) = 2*m(d) - x(d). Is h(-8) a composite number?
False
Let r(w) = 303*w + 37. Is r(4) composite?
False
Suppose 3*y - 148 - 200 = 0. Suppose -37 = -3*u + y. Is u prime?
False
Suppose -852 = 3*z - 7*z. Is z prime?
False
Let k(a) = a**3 + a**2 + a. Let i(t) = -34*t**3 + 3*t**2 + t + 1. Let y(c) = -i(c) + 3*k(c). Let o be y(1). Is (-6)/(-12) + o/4 a composite number?
True
Let l = 9 - 10. Let s be (-1)/(l/(-28)) - -2. Let z = s + 41. Is z a composite number?
True
Let t be 0 - (9 - 2/(-2)). Let f(x) = -11*x + 3. Is f(t) prime?
True
Let s(o) be the second derivative of -o**6/45 + o**5/120 - o**4/4 + 4*o. Let u(g) be the third derivative of s(g). Is u(-3) prime?
False
Let x(p) = p + 2. Let w be x(0). Suppose -t + w*t - 19 = 0. Is t prime?
True
Let q be (2 - 1)/(1/5). Is q/(-30) - 223/(-6) a composite number?
False
Suppose 5*y = 5*b - 7 - 3, -b + 8 = 2*y. Let u(j) = j**3 - 11*j**2 + 11*j - 4. Let x be u(10). Is (-2)/b + 117/x composite?
False
Let l be 4 + -3 + -514 - 0. Let g = 1154 + l. Is g prime?
True
Suppose 5*q - 3*a - 286 = 0, 126 = 3*q - 4*a - 39. Is q composite?
False
Let p(w) be the second derivative of -w**3/6 + 11*w**2/2 - 22*w. Suppose -4*r - 6 = -42. Is p(r) composite?
False
Let b = 15 + -15. Suppose b = -h - 2*h + 2097. Is h composite?
True
Suppose 2*x - 2 = -0. Let v(m) = -11*m + 4. Let u(c) = c**2 + c - 1. Let p(s) = x*v(s) + 3*u(s). Is p(-8) prime?
True
Suppose -6*x + 2*x = -12. Let y be (24/(-9) + 2)*x. Let o(t) = -5*t**3 + 2*t**2 - t - 1. Is o(y) prime?
False
Suppose -1394 = -3*w + 2239. Is w a prime number?
False
Suppose 3*w = 5*w. Suppose w = -5*l + 161 - 6. Is l composite?
False
Let i = -538 + 2135. Is i a prime number?
True
Let u be 8/(-6)*36/8. Let h = u + 9. Is h a composite number?
False
Suppose 722 + 314 = 4*p. Let z = -109 + p. Suppose 5 = -0*t - t, 5*f - z = -5*t. Is f a prime number?
False
Suppose 3 = 5*y + 3*u, -35 = -10*y + 5*y + 5*u. Let r be (-6*1)/(y/3). Let j = 27 + r. Is j composite?
True
Suppose 0 = 5*c - 3*s + 48, -4*s - 9 = 2*c + 5. Let i(o) = -5*o + 8. Is i(c) a prime number?
True
Let r = 213 - 111. Suppose 5*l + x - 137 - 118 = 0, -2*x = 2*l - r. Let v = l - 30. Is v a prime number?
False
Let a be 1/1 + (-384)/(-4). Let v = 166 + a. Is v composite?
False
Let z = -384 + 192. Let l = -133 - z. Is l composite?
False
Suppose -2*f - s - 6716 = 3*s, -2*f + s = 6711. Is (-2)/4 + f/(-8) prime?
True
Let c = 7234 - 5107. Is c composite?
True
Let t(b) = -b**3 + b**2 + 7*b - 1. Let z be t(3). Suppose -20 - 98 = -z*n. Is n a composite number?
False
Let j be 0 - -4 - 0/2. Is j*((-417)/(-12) + -3) composite?
False
Let k = -1645 - -978. Let b = -320 - k. Is b a prime number?
True
Suppose 0 = -k + 5 - 0. Suppose 4*i = 4, 5*l - 162 = k*i - 2*i. Is l a composite number?
True
Is (2 + -3)/(4/(-148)) prime?
True
Suppose 4*s + 3*r = 8171, 0*r = 3*s - r - 6112. Is s composite?
False
Let j be 7/((-7)/172) + 3. Let k = -112 - j. Is k a composite number?
True
Suppose -9 = -3*y, -y + 4 - 1 = -4*x. Suppose -5*a = -a - 4. Is -2 - (x + a)*-24 a prime number?
False
Suppose 0*j - 5*j - 5*y = -6270, -j = -y - 1264. Is j a composite number?
False
Let j(o) = -o**3 + 10*o**2 + 3. Let u be j(10). Suppose 7*t - u*t - 316 = 0. Is t a prime number?
True
Let j(n) = -n + 1. Let f(l) = 5*l - 10. Let k(m) = -f(m) - 6*j(m). Is k(11) composite?
True
Let c(f) = -f**2 + 7*f - 6. Let g be c(5). Suppose g*w - 11 - 5 = 0. Suppose -w*k + 40 = 12. Is k prime?
True
Let o = -7 - -11. Let h(k) be the second derivative of 2*k**3/3 - 5*k**2/2 + 2*k. Is h(o) a prime number?
True
Let p(k) = -k**3 + 15*k**2 + 12*k - 17. Is p(15) a prime number?
True
Is 46 - 8/(-2) - 3 a prime number?
True
Let k(y) be the third derivative of y**5/60 + y**4/6 + y**3/3 - 3*y**2. Is k(-8) composite?
True
Suppose -644 = 2*z + 2*z. Let v = z + 448. Is v a composite number?
True
Suppose 5*p = 850 + 2535. Is p composite?
False
Let h(g) = -g**2 - 23*g - 1. Is h(-5) prime?
True
Let j = 23 - -446. Is j a prime number?
False
Suppose 0 = -2*k + 3*k - o - 15, -4*k + 3*o = -64. Is k a prime number?
True
Let a(b) = 79*b**2 + 3*b - 11. Is a(-5) a composite number?
False
Suppose -2*b - 4*o = -252, 256 = -b + 3*b + 5*o. Suppose 4*l + 43 = g, 6*g + 2*l - b = 2*g. Is g prime?
True
Let f be -2 - (2552/2)/(-1). Let j be f/8 - 1/4. Suppose j = 5*l - 2*w, -3*l + 41 = -2*l - 5*w. Is l composite?
False
Suppose 0 = -2*h - 4 - 4. Let s(z) = 12*z**2 - 5*z + 3. Let r be s(h). Suppose -25 = -4*a + 5*g + r, 0 = 2*a + 2*g - 102. Is a a prime number?
False
Suppose -4*z - 3*g + 2747 = 0, z - 5*z + 4*g = -2712. Is z a composite number?
False
Let c(v) = 62*v**2 - 3*v - 4. Suppose u - 28 = -5*b, -2*u + 6*u + 8 = 4*b. Is c(u) a composite number?
True
Let h be 2 - 2 - 2 - -2. Suppose 5*x + 2*d + 5 = -h, 2*x + 2 = 3*d. Is (-4)/((6/x)/3) a composite number?
False
Suppose z - 1137 = -2*z. Is z prime?
True
Let h(b) = -4*b**2 - b - 1. Let u be h(-1). Let n be (-7 - u) + 36*1. Let o = n - 10. Is o composite?
False
Let y be 6/4 + (-5)/(-10). Suppose 2*m = -3*x + 189, -282 = -m - y*m - 4*x. Is m - (9/(-3))/(-3) prime?
True
Let z(w) = 6*w**2 + 28*w + 9. Is z(7) a prime number?
True
Let w = -2009 + 3380. Is w prime?
False
Suppose -8 = -7*f + 3*f. Let l = f - 6. Is 6*(1 - 6/l) prime?
False
Let k be (4/(-6))/(10/45). Let a = 92 - k. Is a composite?
True
Suppose 3*y = 2*y - 2*g + 323, 0 = -2*y + 4*g + 678. Is y a composite number?
False
Let o(j) = -9*j - 4. Suppose -3*i + 1 = 10. Is o(i) prime?
True
Suppose 9*r - 5*r = 996. Is r a composite number?
True
Let b(w) = -w**3 + 9*w**2 + 11*w - 6. Let q be b(10). Let z = q + -6. Is 1*9/((-6)/z) composite?
False
Let m(k) = k**2 - 6*k - 4. Let r be m(6). Is 109/(r*(-4)/16) a prime number?
True
Is ((-1618)/(-6))/(1*1/15) a composite number?
True
Let b = -16 - -29. Let g be (0 + 36)*6/12. Let t = b + g. Is t composite?
False
Suppose -l + 8 - 6 = 0, -l = 4*y - 7606. Is y a prime number?
True
Let n(b) = -b**3 - b**2 - b - 1. Let t(h) = 17*h**3 - 4*h**2 - 2. Let f(y) = 3*n(y) - t(y). Is f(-2) a composite number?
True
Suppose -3*c - 146 = -1835. Is c a composite number?
False
Suppose 2*o + 34 = 3*l, -4*o + 13 + 3 = l. Let k be l + 0/2 + 0. Is 1/4 + 369/k a prime number?
True
Let a = -716 + 1905. Is a prime?
False
Let n = 449 + -258. Is n prime?
True
Let g = 26 - 16. Let w(u) be the third derivative of u**6/120 - 3*u**5/20 - u**4/3 + 11*u**3/6 + 2*u**2. Is w(g) prime?
True
Suppose -3*k + 3*f + 12 = -0*k, -3*f = 6. Suppose -4*d - 10 = k. Let y(r) = 3*r**2 + 5*r + 3. Is y(d) a composite number?
True
Suppose 4*l - 4353 = 2*l + 5*n, 0 = -5*l + 4*n + 10891. Is l prime?
True
Is 4 + 54*(-45)/(-6) a prime number?
True
Let y(h) = h**2 + 31*h + 5. Is y(11) prime?
True
Suppose -3 = -3*k + 3. Suppose 0*f - f - k*n = -37, 3*n = -9. Is f prime?
True
Let h be (-6)/4*4/(-3). Let z(v) = -1 + 0*v**h - 1 + v**2. Is z(3) prime?
True
Suppose 2*q = -2*m + 520, 4*q - 3*m = -4*m + 1031. Is q composite?
False
Let j(c) = c**3 - c**2 + 2*c + 393. Is j(0) prime?
False
Let m be -4*(-107)/2 - 3. Suppose -x - 2*f = -3*x + 422, m = x + 5*f. Is x a composite number?
False
Let t(j) = -j**2 + 8*j + 12. Let p be t(9). Let u be 2 - (-612)/(-3) - p. Let a = u + 296. Is a prime?
False
Let a = 2268 + -4010. Let j = 8 - 26. Is a/j + (-6)/(-27) composite?
False
Suppose -3*i + 0*i - 18 = 0. Is (-6)/2*44/i a prime number?
False
Suppose 2 + 6 =